
What is the remainder when 156743 is divided by 114?
107
Calculate the remainder when 6040 is divided by 2983.
74
What is the remainder when 46012 is divided by 639?
4
What is the remainder when 831025 is divided by 1111?
1108
What is the remainder when 74800 is divided by 571?
570
What is the remainder when 7632 is divided by 2542?
6
What is the remainder when 580825 is divided by 94?
93
Calculate the remainder when 1193 is divided by 148.
9
What is the remainder when 8326 is divided by 69?
46
Calculate the remainder when 111568 is divided by 30.
28
What is the remainder when 23013 is divided by 13?
3
What is the remainder when 326 is divided by 141?
44
What is the remainder when 79644 is divided by 561?
543
What is the remainder when 1384476 is divided by 27?
24
Calculate the remainder when 1692 is divided by 1687.
5
What is the remainder when 9164 is divided by 482?
6
Calculate the remainder when 5350588 is divided by 447.
445
What is the remainder when 2663 is divided by 1323?
17
What is the remainder when 1107349 is divided by 729?
727
What is the remainder when 341594 is divided by 310?
284
What is the remainder when 62491 is divided by 34?
33
What is the remainder when 28025 is divided by 52?
49
Calculate the remainder when 147268 is divided by 24542.
16
What is the remainder when 32729 is divided by 152?
49
Calculate the remainder when 1975 is divided by 1079.
896
What is the remainder when 66087 is divided by 17?
8
Calculate the remainder when 2542952 is divided by 73.
70
What is the remainder when 97927 is divided by 19585?
2
What is the remainder when 14124 is divided by 1394?
184
What is the remainder when 2061 is divided by 191?
151
Calculate the remainder when 55240 is divided by 1841.
10
Calculate the remainder when 1405 is divided by 59.
48
What is the remainder when 1267634 is divided by 41?
37
Calculate the remainder when 96603 is divided by 168.
3
What is the remainder when 148858 is divided by 21265?
3
What is the remainder when 3859 is divided by 3?
1
What is the remainder when 98 is divided by 47?
4
What is the remainder when 697 is divided by 254?
189
Calculate the remainder when 912 is divided by 267.
111
Calculate the remainder when 91178 is divided by 22772.
90
Calculate the remainder when 32363 is divided by 129.
113
Calculate the remainder when 29890 is divided by 81.
1
Calculate the remainder when 51370 is divided by 57.
13
What is the remainder when 7941 is divided by 47?
45
What is the remainder when 146079 is divided by 37?
3
Calculate the remainder when 254798 is divided by 392.
390
Calculate the remainder when 302794 is divided by 25.
19
Calculate the remainder when 4055 is divided by 69.
53
What is the remainder when 435245 is divided by 22?
19
What is the remainder when 146266 is divided by 926?
884
Calculate the remainder when 13012 is divided by 384.
340
Calculate the remainder when 23006 is divided by 7639.
89
Calculate the remainder when 539375 is divided by 9.
5
Calculate the remainder when 22573 is divided by 1730.
83
Calculate the remainder when 485 is divided by 206.
73
What is the remainder when 9881 is divided by 186?
23
What is the remainder when 324478 is divided by 13?
11
Calculate the remainder when 329024 is divided by 4012.
40
Calculate the remainder when 1346 is divided by 352.
290
Calculate the remainder when 1242 is divided by 13.
7
Calculate the remainder when 2752223 is divided by 6.
5
What is the remainder when 11667 is divided by 21?
12
Calculate the remainder when 7325 is divided by 251.
46
What is the remainder when 1780 is divided by 592?
4
What is the remainder when 42376 is divided by 7?
5
Calculate the remainder when 1749 is divided by 103.
101
What is the remainder when 768170 is divided by 113?
109
Calculate the remainder when 225042 is divided by 127.
125
Calculate the remainder when 5971 is divided by 459.
4
Calculate the remainder when 1256800 is divided by 49.
48
What is the remainder when 545348 is divided by 325?
323
What is the remainder when 25515 is divided by 44?
39
What is the remainder when 1810339 is divided by 452584?
3
Calculate the remainder when 291 is divided by 30.
21
What is the remainder when 109390 is divided by 951?
25
What is the remainder when 3049 is divided by 77?
46
What is the remainder when 38860 is divided by 38822?
38
Calculate the remainder when 812384 is divided by 406164.
56
What is the remainder when 45050 is divided by 342?
248
What is the remainder when 1386 is divided by 463?
460
Calculate the remainder when 24434 is divided by 154.
102
Calculate the remainder when 8370 is divided by 96.
18
Calculate the remainder when 387653 is divided by 22.
13
Calculate the remainder when 6367 is divided by 638.
625
Calculate the remainder when 29269 is divided by 648.
109
Calculate the remainder when 2987976 is divided by 94.
92
Calculate the remainder when 8004 is divided by 35.
24
What is the remainder when 27615 is divided by 1841?
0
Calculate the remainder when 7096 is divided by 26.
24
What is the remainder when 42193 is divided by 5273?
9
Calculate the remainder when 157246 is divided by 48.
46
What is the remainder when 1529169 is divided by 7?
5
Calculate the remainder when 41576 is divided by 30.
26
Calculate the remainder when 6614 is divided by 30.
14
What is the remainder when 22011 is divided by 198?
33
Calculate the remainder when 125300 is divided by 13921.
11
What is the remainder when 117563 is divided by 378?
5
Calculate the remainder when 3402 is divided by 3384.
18
What is the remainder when 30809 is divided by 3851?
1
What is the remainder when 14317 is divided by 932?
337
Calculate the remainder when 2430 is divided by 2318.
112
What is the remainder when 23156 is divided by 297?
287
What is the remainder when 8744 is divided by 1188?
428
Calculate the remainder when 142449 is divided by 364.
125
Calculate the remainder when 6988 is divided by 62.
44
What is the remainder when 22719 is divided by 9?
3
What is the remainder when 109306 is divided by 27324?
10
What is the remainder when 8095 is divided by 1341?
49
Calculate the remainder when 7818 is divided by 1302.
6
What is the remainder when 43665 is divided by 18?
15
What is the remainder when 14903 is divided by 552?
551
What is the remainder when 461598 is divided by 5?
3
Calculate the remainder when 157407 is divided by 19.
11
Calculate the remainder when 31498 is divided by 225.
223
What is the remainder when 2686 is divided by 90?
76
Calculate the remainder when 12072916 is divided by 11.
9
Calculate the remainder when 5616 is divided by 252.
72
What is the remainder when 167075 is divided by 119?
118
Calculate the remainder when 55143 is divided by 45.
18
What is the remainder when 667 is divided by 223?
221
What is the remainder when 28603 is divided by 5?
3
Calculate the remainder when 493237 is divided by 32.
21
Calculate the remainder when 4243 is divided by 2044.
155
Calculate the remainder when 1037 is divided by 324.
65
Calculate the remainder when 265914 is divided by 1860.
1794
What is the remainder when 2738 is divided by 17?
1
Calculate the remainder when 8733 is divided by 877.
840
Calculate the remainder when 9052 is divided by 18.
16
What is the remainder when 11076 is divided by 5523?
30
Calculate the remainder when 4575732 is divided by 22.
18
What is the remainder when 3727 is divided by 311?
306
What is the remainder when 22715 is divided by 37?
34
Calculate the remainder when 1294 is divided by 10.
4
What is the remainder when 156494 is divided by 156429?
65
Calculate the remainder when 1477 is divided by 17.
15
What is the remainder when 1941697 is divided by 50?
47
What is the remainder when 558 is divided by 371?
187
Calculate the remainder when 103277 is divided by 28.
13
What is the remainder when 3220 is divided by 48?
4
Calculate the remainder when 42317 is divided by 5289.
5
What is the remainder when 240730 is divided by 55?
50
Calculate the remainder when 49231 is divided by 43.
39
What is the remainder when 1983 is divided by 3?
0
Calculate the remainder when 6637692 is divided by 15.
12
What is the remainder when 346876 is divided by 19?
12
Calculate the remainder when 209241 is divided by 111.
6
Calculate the remainder when 39657 is d